. What is the hundreds digit of i?
2
Suppose -2*t + 1999 = 3*d - 2308, 7187 = 5*d - t. What is the thousands digit of d?
1
Let b = -33073 - -100185. What is the units digit of b?
2
Let d be (5 + -3)*(12 + -7 - 4). What is the tens digit of 219852/120 + d/(-20) + 0?
3
Let w be 1/4 + (-252)/(-16). Suppose w*d - 6252 - 2388 = 0. Suppose -3*y - 12 + d = 0. What is the units digit of y?
6
Let t = 105 + -76. Let v(u) = 6*u - 34. What is the tens digit of v(t)?
4
Let p = 147 + -142. Suppose 3*g - p*g - 24 = 0. What is the units digit of (2 + 9/g*2)*114?
7
Let w be (201/(-4) - (-1)/2)*12. Let s = w - -1081. What is the tens digit of s?
8
Suppose -15*l - 4*l = 78273 - 296621. What is the tens digit of l?
9
Let w(g) = 533*g + 9254. What is the tens digit of w(0)?
5
Suppose -180*j + 119*j = -21964 - 7926. What is the units digit of j?
0
Let t(l) be the second derivative of 65*l**3/6 + l**2 - 23*l. Let p be t(-2). Let n = p + 258. What is the tens digit of n?
3
What is the units digit of (-100)/(-150) - 86330/(-15)?
6
Let b(l) = 32*l + 85. Suppose -3 = z, 4*z = -3*o - 14 + 29. What is the tens digit of b(o)?
7
Let i(r) = -2*r**2 - 5*r - 12. Let p be i(-8). Let l = p - -106. What is the tens digit of 5*3/5*118/l?
5
Let d(p) = 14*p + 2. Let x be d(1). Let l(w) = w**2 - 18*w - 2. Let g be l(24). Suppose -17*m = -x*m - g. What is the tens digit of m?
4
Suppose 782*n = 797*n - 16215. Suppose -19 = -3*x + 2. Suppose -n + 283 = -x*d. What is the tens digit of d?
1
Let q(y) = 9005*y**2 + 13*y + 9. What is the units digit of q(-1)?
1
Let o = 209 - 145. Let h = o - 26. What is the tens digit of h/133*(1 + 370)?
0
Let l = -57 - -65. Suppose 0 = -m + 5*p - l*p - 67, 3*p = 4*m + 193. Let u = m - -76. What is the tens digit of u?
2
Let b(d) = -d**2 + d + 5. Let y(v) = -v**2 + 2*v + 4. Let p(t) = -3*b(t) + 4*y(t). Let k be p(4). Let o(n) = 8*n**2 - 4*n + 22. What is the tens digit of o(k)?
0
Let t = 449 + 153. Suppose -7*l = 147 - t. Suppose -2*q + 59 = -l. What is the tens digit of q?
6
Suppose 8170 = 38*u + 1558. What is the tens digit of u?
7
What is the thousands digit of -3 + -12*(-9)/288 + (-125461)/(-8)?
5
Let p(k) = -4 + 6 - 54*k - 41*k + 1. Let h be p(-3). Suppose z + h = 5*z - 4*i, z - 2*i = 73. What is the tens digit of z?
7
Suppose -3*b = 2*a + 3*a - 1719, -3*b + 3*a + 1719 = 0. Suppose 4*i + 5*f + 9 - 1152 = 0, 2*i + f - b = 0. What is the hundreds digit of i?
2
Suppose 0 = -4*s - 4*l + 116604, -47*l = 4*s - 49*l - 116568. What is the thousands digit of s?
9
Let t = 214 + -212. Suppose -t*l = -10, 4*p = 2*l - 0*l + 166. What is the tens digit of p?
4
Let c(u) = u - 5. Let v = 40 - 31. Let f be c(v). Suppose -f*g - 9 = -s + 16, g = 5*s - 30. What is the units digit of s?
5
Suppose 127*o + 295641 - 50016 = 152*o. What is the tens digit of o?
2
Let j = -8335 + 20057. What is the hundreds digit of j?
7
Let i be 10/(-4)*(-2 + -6). Suppose -23*f = -i*f - 345. Suppose -p + f = s, 4*s - 458 = -0*s - 5*p. What is the hundreds digit of s?
1
Suppose 44*x - 179554 = 4058. What is the units digit of x?
3
Suppose 25114 = 2*m + k, 0 = 71*m - 66*m - 3*k - 62796. What is the thousands digit of m?
2
Let q = -6382 + 43261. What is the hundreds digit of q?
8
Let w = 3714 - 1794. Suppose 6*n - 25 = n, 5*v - 5*n = w. What is the tens digit of v?
8
Let n(r) = -1363*r - 63. Let a be n(3). What is the units digit of 140/(-15)*a/28?
4
Suppose -50 = -k - 45. Suppose 0*o = -4*h - k*o + 2177, 0 = 3*o - 15. What is the hundreds digit of h?
5
Suppose 6*c - 100 = 8. What is the tens digit of (2 - (-2091)/c) + (-28)/168?
1
Let p(m) = m**2 + 9*m + 5. Suppose 0 = 213*l - 212*l - 35. Let n = -28 + l. What is the units digit of p(n)?
7
Let a(f) = -17*f - 29. Let p be a(-2). Suppose 12 = 4*t, 3*t + 479 = p*m + t. What is the tens digit of m?
9
Suppose 126*w + 10 = 123*w - 5*p, -5*p - 40 = -3*w. Suppose -920 = -2*y + 2*a, w*y - 1987 = -a + 307. What is the units digit of y?
9
Let a = 6529 + -3317. What is the units digit of a?
2
Suppose 4*f + 4727 = 2*x - 68043, 36389 = x + 2*f. What is the thousands digit of x?
6
Suppose 8*c + 9883 = 24348 + 19519. What is the hundreds digit of c?
2
Let d(w) = w**2 + w - 19. Let b be d(6). Let j be -3*4*(b/6 + -4). Suppose -5*k + 594 = j*v + 103, 3*v + 6 = 0. What is the units digit of k?
9
Let m(s) be the second derivative of 11*s**5/120 - 17*s**4/24 - 8*s**3/3 + 16*s. Let p(j) be the second derivative of m(j). What is the units digit of p(9)?
2
Let j(a) = 122*a + 300. What is the tens digit of j(2)?
4
Let p(n) = -n**2 + 27*n - 144. Let u be p(20). What is the units digit of 130/u*20*5/(-10)?
5
Suppose -762 + 147 = -5*r. Suppose -3*d + 117 = -r. Suppose 0 = n - 8*s + 3*s - 16, -5*n + d = s. What is the tens digit of n?
1
Let q = 78938 + -54638. What is the hundreds digit of q?
3
Let h = -24212 + 41983. What is the ten thousands digit of h?
1
What is the tens digit of 1 - 4 - 153873/(-246)*(43 + -1)?
6
Let z(t) = -57*t + 41. Suppose 5*x - 14*q + 31 = -13*q, x + 4 = -2*q. What is the tens digit of z(x)?
8
Let j(l) = -3*l**3 + 134*l**2 - 112*l - 80. What is the hundreds digit of j(39)?
4
Let g = 337 + -242. Suppose 0 = 2*h - g - 27. What is the units digit of h?
1
Suppose -4*r + 5*m = -31, 5*r - 5 = 3*m + 24. Suppose -5*d + 2560 = r*b, -b + 4*d = 9*d - 625. What is the hundreds digit of b?
6
Suppose -4*x - 5*i + 36 = 0, x + i = 5*x - 12. Suppose -x*q + 1879 = 2*c + q, 4 = -4*q. What is the tens digit of c?
4
Let x(c) = 5166*c - 516. What is the tens digit of x(1)?
5
Suppose -16*b = -15*b - 1473. Let r = 174 + b. What is the tens digit of r?
4
Suppose 61 - 6 = 11*i. Suppose 8*z - 4*z + i*w = 927, -z = -3*w - 253. What is the units digit of z?
8
Let l(u) = 475*u + 687. What is the units digit of l(18)?
7
Let w(a) = -2*a**3 + 8*a**2 - a + 10. Let t be w(4). Suppose -5*q = 5*i - 2170, -t*q = -8*q - 3*i + 868. What is the units digit of q?
4
Let m(a) = 2571*a + 3. Let k be m(1). Let u = -1272 + k. What is the units digit of u?
2
Let b be (-136)/10 - (-10)/(-175)*7. Let o(t) = t**2 + 8*t + 26. What is the tens digit of o(b)?
1
Suppose 101*o - 336008 - 96070 = 0. What is the tens digit of o?
7
Let i = 15734 - 10227. What is the thousands digit of i?
5
Let w be (-4)/(-1) - (-22 + 70). Let q = w - -58. Suppose q*r = 13*r + 52. What is the tens digit of r?
5
Suppose 16 = 8*f - 0*f. Suppose 6*i + f*i = 1768. What is the units digit of i?
1
Let q = -714 + 789. What is the tens digit of 99120/q - (-2)/5?
2
Suppose -c + 0*c + 234 = 0. Suppose -6*g + g + 3*t = 529, 4*g - 4*t + 428 = 0. Let j = c + g. What is the hundreds digit of j?
1
Let n(o) = 4*o**2 - 17*o - 15. Let x be n(10). Suppose -h + 5*h = -5*g + 1139, 0 = g + 4*h - x. What is the hundreds digit of g?
2
Let u = 1285 + -732. Let v = 952 - u. What is the tens digit of v?
9
What is the units digit of (3/(-9) + (-203)/(-87))*11311/2?
1
Let j be 82*(-3 + 66/12). Suppose -3*k + j + 98 = 4*h, -4*k + 4 = 0. What is the units digit of h?
5
Let i = -26612 + 74416. What is the ten thousands digit of i?
4
Let r be ((-3)/(-4))/(2/8). Suppose 216*a + 2*l - 17 = 215*a, -l = -4*a + 5. Suppose a*y - 12 = -y, 0 = -3*z - r*y + 15. What is the units digit of z?
2
What is the hundreds digit of (-630)/(-720) + 169321/8?
1
Suppose -106 + 11 = 5*n. Let p(c) = 18*c**2 + 0*c**3 + c**3 - 1070671*c + 1070653*c + 21. What is the units digit of p(n)?
2
Let n = -175 + 179. Let y = 169 + n. What is the hundreds digit of y?
1
Suppose c = 18*c - 123760. What is the hundreds digit of c?
2
Let y = 42864 + -17025. What is the tens digit of y?
3
Let k(a) = -698*a**3 - 3*a**2 - 141*a - 571. What is the hundreds digit of k(-4)?
6
Let b = 11406 - 6722. What is the tens digit of b?
8
What is the tens digit of 2/20 + -4*799545/(-200) + 5?
9
Let b(k) be the third derivative of -141*k**4/8 - 25*k**3/6 + 3*k**2 + 2*k. What is the units digit of b(-3)?
4
Let d be 427/(-122)*(18 + 0). Let u = d + 635. What is the units digit of u?
2
Suppose 0 = -7*c + 111 + 15. Let b be (2 + (-25)/2)*48/c. What is the hundreds digit of 3 - b/(-10) - (-2056)/20?
1
Let g = -1133 + 3073. Suppose g = 3*q - 0*q - 5*f, 0 = -q + 3*f + 640. Suppose 0 = -6*j + 227 + q. What is the units digit of j?
7
Suppose 0 = -564*f + 570*f - 5364. What is the tens digit of f?
9
Suppose 0 = -3*t - y